-6*a + 6. Suppose -7*i + 490 = -a*i. What are the prime factors of i?
2, 7
Suppose 5*b = -2*u + 17, -37 = -5*b - 0*b + 3*u. Let c be 4/b*935/(-34). What are the prime factors of (-4)/c + (-1206)/(-22)?
5, 11
Suppose -17 + 2 = 5*y. Let c be -21*(-1 + 10)/y. What are the prime factors of (108/c)/(1/21)?
2, 3
Let o(a) = 10*a**2 + 2*a + 12. Let b = -116 - -112. What are the prime factors of o(b)?
2, 41
Let w be 2 + -3 + (-72)/4. Let f = 5 - w. List the prime factors of f.
2, 3
Let z = -107 + 113. What are the prime factors of z/21 - (2 - 383/7)?
53
List the prime factors of (-28)/6*(-903)/56*8.
2, 7, 43
Suppose 0 = -x + 78 - 76. Let i be (5/4)/(3/24). List the prime factors of (i/(-8))/(x/(-24)).
3, 5
Let f be (36/(-8))/((-1)/2). Let g = f - 5. Suppose 0 = -a - g*a + 145. List the prime factors of a.
29
Suppose 2*y + 22 = 2*i, 0 = 4*y - 5*i + 13 + 32. Let u be 2/y - 271/(-5). Suppose 2*f = 56 + u. What are the prime factors of f?
5, 11
Let s(a) = 30*a - 208. List the prime factors of s(17).
2, 151
Let k = 15250 - 10080. What are the prime factors of k?
2, 5, 11, 47
Let h = 23 + -13. Suppose 8 + h = i. Suppose -f + 0*j = j - 2, 5*f + j = i. List the prime factors of f.
2
Suppose -7*z + 3*z = 5*c - 19, -z - 2*c + 7 = 0. What are the prime factors of (-25)/(0 + z/(-1))?
5
Let l(y) = 2*y**3 - 11*y**2 - 6*y - 8. Let j be l(6). List the prime factors of 22/(-8)*(0 + j).
2, 11
Suppose 308 = 5*x + 9*x. What are the prime factors of x?
2, 11
Let y(n) = n**2 - n + 1. Let g(r) = -3*r**2 + 8*r + 2. Let d(q) = g(q) + 4*y(q). Let x(o) = -o + 2. Let l be x(6). List the prime factors of d(l).
2, 3
Suppose -3*u - 10 = -0*o + 4*o, -4*u = -4*o - 24. Let r = 32 - o. Suppose -3*t - t = -r. What are the prime factors of t?
3
Let r(b) = 0*b + 0*b - 1 + 11 - b. List the prime factors of r(-11).
3, 7
Let u(c) = -c**3 + 13*c**2 + 14*c - 9. Let a be u(13). Suppose 6*n - 1159 - a = 0. List the prime factors of n.
2, 3, 37
Suppose 7*m = 9*m + 8, 2*o = 2*m + 4520. List the prime factors of o.
2, 3, 47
Let w(k) = 0*k**2 + 5*k**3 - 2*k**2 + k + 0*k**3 + 2*k**3. Let b(u) = -u + 2. Let y be b(1). What are the prime factors of w(y)?
2, 3
Let v(q) = 13*q - 31. Let i be v(6). Let m be 2/11 - (-2766)/33. Let l = m - i. List the prime factors of l.
37
Suppose 763*x = 778*x - 10680. List the prime factors of x.
2, 89
Suppose 17 = -0*i - i. Let s = i - -21. List the prime factors of s/2*22/4.
11
Let u(h) = -6*h**2 - 137*h + 71. What are the prime factors of u(-21)?
2, 151
Let s = -1 + -8. Let l(u) = -u**2 - 11*u + 5. List the prime factors of l(s).
23
Let s(l) = 17*l**2 - l + 8. Let p(q) = 5*q + 61. Let v be p(-13). What are the prime factors of s(v)?
2, 71
Let k = 9 + -3. Suppose -k*j = -9*j + 153. Let a = -36 + j. List the prime factors of a.
3, 5
Let g be 4/((-5)/(-3) + -1). Suppose -l + g - 4 = 0. Suppose -z = l - 4. List the prime factors of z.
2
Let n(a) = 4*a**2 + 5*a - 7. Suppose -10 = 2*m + 4*z, -4*m - m + z = 25. Let t be n(m). Suppose 2*o + t = 6*o. List the prime factors of o.
17
Let f(a) be the first derivative of 2*a**3/3 + 29*a**2/2 - 9*a - 14. List the prime factors of f(-16).
3, 13
Let m(l) be the third derivative of 15*l**4/8 - 8*l**2. What are the prime factors of m(1)?
3, 5
Let t(v) be the third derivative of v**5/20 - 5*v**4/24 + 2*v**3/3 - 4*v**2. Let f be t(2). What are the prime factors of (3/f)/(1/12)?
2, 3
Suppose -12*v + 9*v = -5*p - 8741, -p - 14561 = -5*v. List the prime factors of v.
2, 7, 13
Suppose 5*j - 5 - 285 = 0. Let m = j - 34. Suppose 0 = -3*n + 4*h + 61, 5*h = n - 0*h - m. List the prime factors of n.
19
Let u = 166 - 117. What are the prime factors of (-2)/(-7) + 1848/u?
2, 19
Let f = -12 + 10. Let c(a) = -4*a**2 - 4*a - 3. Let n be c(f). Let s = n - -14. What are the prime factors of s?
3
Suppose -5*a = 10 + 10. Let y(r) = 2*r**2 + 3*r + 5. List the prime factors of y(a).
5
Suppose -m + 3*m + 4*b = 82, -4*m + 99 = -5*b. Suppose 0*l = -y - 5*l + m, 4*l - 239 = -5*y. Suppose 2*f - y - 3 = 0. What are the prime factors of f?
3
Let i = 5 + -70. What are the prime factors of (i + -5)/(3 - 5)?
5, 7
Let y(j) = j**3 + 8*j**2 + 4*j - 9. Suppose -10 = 2*g - r, 3*g + 2*r = -14 - 15. Let v be y(g). List the prime factors of 1/(-4) + 423/v.
5, 7
Let b be (0/1)/(-5 - -7). Suppose b = -6*p + 10*p - 52. What are the prime factors of p?
13
Suppose r = -3*r. Let n = r + 141. List the prime factors of n.
3, 47
Let i(j) = -13*j**2 + 4*j - 2. Let w(z) = z**2 - 1. Let y(a) = -i(a) - 4*w(a). What are the prime factors of y(2)?
2, 17
Suppose 59*x = 62*x - 4920. List the prime factors of x.
2, 5, 41
Let k be (-48)/32*(-4)/3. Suppose -4*c - k*v = v - 193, -1 = v. What are the prime factors of c?
7
Let i be (276/(-16))/((-4)/128). Suppose i = -5*t + 13*t. What are the prime factors of t?
3, 23
Let o be (18/(-8))/((-6)/120). Let t be 2/(-4) + o/10. Suppose 2*q = t, 0*q - 53 = -5*b + q. List the prime factors of b.
11
Suppose 4*l = 14 - 6. What are the prime factors of l*2*(8 + -1)?
2, 7
Let v = -4 + -19. Let f = v - -72. What are the prime factors of f?
7
What are the prime factors of (9/15)/((-4)/(-4440))?
2, 3, 37
Let g = 977 - 393. List the prime factors of g.
2, 73
Let i = 95 + -86. Suppose 0 = 7*x - i*x + 616. List the prime factors of x.
2, 7, 11
Let v be (-22)/44 + (-14)/(-4). Suppose -2*z = -7*z + 5*t + 280, 0 = 3*t - v. What are the prime factors of z?
3, 19
Suppose 4*o + 10 = 3*u, -3*o + 36 = 6*u - u. What are the prime factors of (-8)/12*(-477)/u?
53
Suppose -5*g = -3 - 2, 3*m + 4*g - 94 = 0. Suppose -7*z + 2*z = m. List the prime factors of (z/9)/(2/(-96)).
2
Suppose 299*i - 281*i = 35280. List the prime factors of i.
2, 5, 7
Suppose -1223 = s - 5943. What are the prime factors of s/48 + 4/6?
3, 11
Let d be (-5 + 10)/((-1)/(-10)). Suppose -2*u - d = -194. List the prime factors of u.
2, 3
Suppose 0*q - q + 765 = 4*j, -2*q = 3*j - 575. List the prime factors of j.
191
Let g be (-36)/(-10) - (-3)/(-5). Suppose g*d = 7*d + 8. List the prime factors of (d - 12/(-2)) + 60.
2
Suppose 100*o + 3*o - 267079 = 0. List the prime factors of o.
2593
Let d(y) = y**3 - 21*y**2 + 28*y + 33. Let i be d(20). Suppose -18*a = i - 4225. List the prime factors of a.
2, 7
Let n = 111 + 3732. What are the prime factors of n?
3, 7, 61
Let j(c) = c**2 + 4*c - 3. Let a(o) = o**3 + 2*o + 3. Let g be a(-2). Let y be j(g). Suppose -3*z - y = -i, -5*i + 138 = 4*z - 91. List the prime factors of i.
3, 5
Let r = 312 + -25. Suppose -5*k - r = -797. List the prime factors of k.
2, 3, 17
Suppose -15*t + 23*t = 18008. What are the prime factors of t?
2251
Suppose 0 = s, 32*i - 4440 = 29*i - 4*s. List the prime factors of i.
2, 5, 37
Suppose 3*z + 2*d - 15 = 0, -3*z + 4*d = -z - 10. Suppose -4*k + 452 = 4*c, -5*c + z*k - 3*k + 565 = 0. List the prime factors of c.
113
Suppose 4*m - 30*z = -31*z + 7038, -3*z + 3524 = 2*m. What are the prime factors of m?
1759
Suppose -4*f = -2*m - 14, -m - 4 = -3. Suppose 2*h = -3*d + d + 66, f*h + 3 = 0. Suppose 3*s = -7 + d. What are the prime factors of s?
3
Suppose q = 10 - 5. Suppose 3*u = -x + 18, -q*u - 10 = -5*x - 0. What are the prime factors of x?
2, 3
Suppose -t + 5*z + 10 + 65 = 0, 0 = -2*t + 4*z + 150. Suppose -30*r - t = -35*r. What are the prime factors of r?
3, 5
Let l(q) = -6*q**2 + 4*q - 10. Let z be l(4). What are the prime factors of (z/35)/(1/(-28))?
2, 3
Let x(a) = -a**3 - 11*a**2 - 23*a - 19. What are the prime factors of x(-10)?
3, 37
Let k be (-51)/45 - (-2)/15. List the prime factors of (-506)/(-11) + 0 + k + 1.
2, 23
What are the prime factors of (38/(-8) - -2)*-292?
11, 73
Suppose b + 0*b = 3. Suppose 53 = v + 4*y - 61, 3*y = b*v - 342. What are the prime factors of v?
2, 3, 19
Let y be 2 - 4 - -23*1. Suppose -2*n = -y - 19. Let h = n + 9. What are the prime factors of h?
29
Suppose 4*v - 2 = 14. Let u(r) = -2*r + r + 1 - 2 - v*r. List the prime factors of u(-5).
2, 3
Let m be (2 + 1)/((-3)/(-2)). Let n(y) = -2 - y + 2 - y - m. List the prime factors of n(-17).
2
Suppose 4*i = a + 4*a - 5117, 5067 = -4*i - 5*a. Let d = -809 - i. Suppose -4*q = -d + 176. List the prime factors of q.
2, 3
Suppose -29 = -5*f - a, 3*f - 10 - 9 = -a. Suppose f*g = 10*g. Suppose g = 5*o - 5*l, -8 = -o + 3*o - 4*l. List the prime factors of o.
2
List the prim